tors of (0/7)/(-5) - -193.
193
Let q(v) = -15*v**2 + 3*v + 572. List the prime factors of q(0).
2, 11, 13
Let k be (8/12 - -2)*42. Suppose 0 = -0*p + 3*p - 3*n - 300, 0 = -p - 5*n + k. List the prime factors of p.
2, 3, 17
Suppose -3*g - g = -4. Let d be (2 + (-1 - -4))*g. Suppose -j + 2*b + 46 = 0, -d*j + b = -b - 222. List the prime factors of j.
2, 11
Let t(u) be the first derivative of u**3/3 + 3*u**2/2 - 19*u + 11. What are the prime factors of t(-7)?
3
Let v = 11 - 11. Suppose v = 5*u - 100 - 10. Let t = u + 6. List the prime factors of t.
2, 7
Suppose 5*l - 5*z - 3927 = 4648, 5*z = -2*l + 3395. What are the prime factors of l?
2, 3, 5, 19
Let j be 5*(-6 + 8/2). What are the prime factors of (j + 9)*(-1 + -6)?
7
Let y(p) be the second derivative of p**5/20 + p**4/3 - 2*p**3/3 + 5*p**2/2 - 39*p. Let f = -11 + 7. List the prime factors of y(f).
3, 7
Let p = -12 + 15. Suppose -4*g = 2*k + 712, -2*g = -p*k - 354 - 746. What are the prime factors of (k/(-39))/((-2)/(-3))?
2, 7
Let k be 14*(3 + 0)*-1. Let s = k + 60. Let o = s + -14. List the prime factors of o.
2
Suppose -3*x + 1762 = 5*c, 2*x + c - 2355 = -2*x. What are the prime factors of x?
19, 31
Suppose o - 5*o = -12. Let r(u) = -9 + 7 + o*u - u - 2. What are the prime factors of r(7)?
2, 5
Suppose c + x - 728 = 0, 3*c + 5*x - 707 = 1483. What are the prime factors of c?
5, 29
Suppose 2*a = -18 + 26. Suppose -106 = -a*o + 2*u, -o - u + 2 = -20. What are the prime factors of o?
5
Let p(d) = -d**2 + 14*d - 11. Let r(z) = z + 1. Let h be r(12). Let b be p(h). Suppose 32 = b*j - 24. List the prime factors of j.
2, 7
Let x be -2 - (-3 + 5 + 1). Let h be (-6)/(-10) + (-2)/x. Suppose 4*n - 67 - h = 0. List the prime factors of n.
17
Let q(u) = u**2 - 4*u + 1. Let z be q(4). Let o(v) = 210*v**2 - 4*v + 2. List the prime factors of o(z).
2, 13
Suppose -5*k = 3*l - 3930, k - 4*l + 73 = 882. List the prime factors of k.
3, 263
Suppose x - 2*x = 0. Suppose -3*h + 7*h - 64 = x. What are the prime factors of h?
2
Let s = -197 + 1122. List the prime factors of s.
5, 37
Suppose 0 = 4*q - 1014 - 2218. List the prime factors of q.
2, 101
Let d(y) = y + 11. Let z be d(-6). Suppose -27 = -z*x + 213. Suppose 5*g = 2*g + x. List the prime factors of g.
2
Let d(a) = 10 - 26 + 5 - 42*a + 9. What are the prime factors of d(-1)?
2, 5
Suppose 0 = -f - 85 - 45. Let y = -52 - f. What are the prime factors of y?
2, 3, 13
Let a(o) = -o. Let l(n) = 28*n + 6. Let h(d) = 2*a(d) - l(d). List the prime factors of h(-2).
2, 3
Let m = 515 + -208. List the prime factors of m.
307
Suppose 4*x - 3499 = -3*s, 5*x = -15*s + 18*s + 4394. What are the prime factors of x?
877
Suppose -4*y + 157 = 3*h - 2*h, -2*h - 76 = -2*y. Suppose 5*g = 61 + y. Suppose -52 = -3*t + 3*s + g, t - 4*s - 21 = 0. List the prime factors of t.
5
Let x = -272 + 276. Let p = 31 + -10. List the prime factors of x/6 - (-238)/p.
2, 3
Let y(s) be the first derivative of s**2 - 2*s + 11. List the prime factors of y(5).
2
Let d = 35 + -35. Suppose -6*p + 2*h = -p - 229, -h - 2 = d. What are the prime factors of p?
3, 5
Suppose -3 - 3 = -2*v. Suppose 4*c - v*c = 5. Suppose 5*y - 46 = 2*g + 15, c*y = -3*g + 46. List the prime factors of y.
11
Suppose -2*i = 4*p - 4614, -5*p - 4599 = -9*p + i. What are the prime factors of p?
1151
Let p = 139 - 139. Suppose 4*h + 106 = m + m, -h + 1 = p. List the prime factors of m.
5, 11
Let v = 1593 + -1108. List the prime factors of v.
5, 97
Let s be (8 - -4)/(-4) - 0. List the prime factors of 3 - (s + 299)/(-4).
7, 11
List the prime factors of ((-105)/(-33) - 3) + 17398/22.
7, 113
Let p = -12 + 2. Let u(y) = -y**3 - 12*y**2 - 13*y + 13. Let k be u(p). Let b = -41 - k. List the prime factors of b.
2
Let t be 4/(-20) - 59/5. Let k be (-84)/(-2) - (8 + t). Suppose 15 - k = -d. List the prime factors of d.
31
Let g be (-247)/(-3) + 8/(-6). Suppose 2*z - g = -2*v - 17, 4*z - v = 128. What are the prime factors of z?
2
Let g(s) = s**3 + 9*s**2 + 8*s + 10. Let p be g(-8). List the prime factors of (0 - (-12)/p)/((-2)/(-240)).
2, 3
Suppose o + o = 24. Suppose 0 = 5*j - 2*r - 6, -4*r = -5*j + o - 0. Suppose 5*x + l - 116 = j, 5*l = -x + l + 27. List the prime factors of x.
23
Let r be 33*16/(-36)*-3. Suppose w = l + r, -3*w - w + 84 = -2*l. Let c = -29 - l. List the prime factors of c.
17
Let d be 150/(-12)*(-2 + 0). Let l(n) = 2*n + 1. Let s be l(-3). What are the prime factors of (-238)/s + (-15)/d?
47
Let q = -43 - -47. Suppose -i + 109 = -q*v, 5*i - 528 = -v + 4*v. What are the prime factors of i?
3, 5, 7
Suppose -192*j + 2017 = -191*j. List the prime factors of j.
2017
Let q(u) = u**2 + 44*u + 294. Let n be q(-36). Suppose -5*k = p - 2, p + 8 = -2*k + 7*k. List the prime factors of p/2*(-8 + n).
3
Let a(s) = -3132*s**3 + 2*s**2 - 7*s - 7. What are the prime factors of a(-1)?
2, 1567
Let d be 2/(-5) - (-6048)/45. Suppose -55 = -3*g + d. List the prime factors of g.
3, 7
Suppose -2*k = 5*p - 125, -4*p = 3*k - k - 102. What are the prime factors of 92/p - (-1 - 187)?
2, 3
Let o(v) = -3*v + 3. Let l be o(-4). Let y = l - -5. What are the prime factors of y?
2, 5
Let l(j) = -15642*j - 395. Let f(a) = -158*a - 4. Let y(z) = 395*f(z) - 4*l(z). List the prime factors of y(1).
2, 79
Let m(u) = u**2 + 6*u + 4. Let r be m(-4). What are the prime factors of r + 1*(-225)/(-5)?
41
Suppose -4*q + 5*d - 17 = -0*q, -6 = 3*q + 3*d. Let o be -13 + 0/(-1) + q. Let v = o - -22. List the prime factors of v.
2, 3
Suppose 5*a = -5*p + 325, p + 201 = 4*p + a. Suppose -2*k = 4 + 6, l + 4*k = -17. Suppose -x - p = -l*x. What are the prime factors of x?
2, 17
Let y(c) = 50*c + 1. Let z(j) = 199*j + 5. Let d(i) = 26*y(i) - 6*z(i). List the prime factors of d(1).
2, 3, 17
Let v = 3 + 6. Let d be -9*(-4 - (-42)/v). Let q = 57 + d. List the prime factors of q.
3, 17
Let o(y) = y + 17. Let s be o(-12). Suppose 4*m = 3*m - 3*t + 43, -s*t + 33 = m. List the prime factors of m.
2, 29
Let z be -24*4*2/(-12). Let u = z + -8. Let l(h) = 2*h + 16. List the prime factors of l(u).
2
Let g = 27 + -19. Let u = g + -9. Let f = u - -10. What are the prime factors of f?
3
Suppose 7*y = 23 - 9. Suppose -3*x - y*x = -20, -3*f + 5*x = -487. List the prime factors of f.
13
Let l = -345 - -471. List the prime factors of l.
2, 3, 7
Let s(m) = 4*m. Let t be s(1). Suppose -t*g + 6 = -g. Suppose -g*i = -46 + 8. List the prime factors of i.
19
Let j(i) = 6*i**2 - 80*i + 32. What are the prime factors of j(13)?
2, 3
Let r = -2195 + 2931. What are the prime factors of r?
2, 23
Let n = 27 + 2. Let t = n + -3. What are the prime factors of t?
2, 13
List the prime factors of (-6957)/(-11) - (-90)/165.
3, 211
Suppose -2*i = 3*a + 1, 3*a = -2*a - i + 10. Suppose 60 = -q + 5*q. List the prime factors of (-4)/(-18)*a*q.
2, 5
Let y be 0 + (34 - -1 - -4). Suppose -y*j = -35*j - 524. What are the prime factors of j?
131
Suppose -8*a + 13*a = 1650. Suppose 0*b + 6*b - a = 0. What are the prime factors of b?
5, 11
Suppose -1 + 26 = r. Suppose 5*k - 3*s = r, 18 + 7 = 5*k + 4*s. Suppose -k*d = 2*z + 2*z - 190, 3*d + z - 107 = 0. List the prime factors of d.
2, 17
Suppose 5*a - 4*y = 287, -3*a - 4*y = -50 - 135. Let w be ((-132)/3 - -9) + -1 + 1. Let f = w + a. List the prime factors of f.
2, 3
Let c be 29/(-7) + 2/14. Let f = 0 - c. What are the prime factors of f/6 + (-1183)/(-21)?
3, 19
Suppose 2*n = -4*j - 60, 4*j + 37 = -4*n - 79. Let k = 18 + 19. Let d = k + n. What are the prime factors of d?
3
Suppose 0 = -4*i + 20 + 1212. Let p = i - 155. Suppose -k - w - 187 = -4*k, -2*k + p = 5*w. What are the prime factors of k?
2
Let c(f) = f**3 - 4*f**2 - 6*f + 10. Let y be c(5). Let v(m) = m**3 - 5*m**2 - m - 11. Let u be v(y). What are the prime factors of (-3 + (-4)/(-2))*u?
2
Let b be 1 + -2 + 786/6. Suppose 0*z = -2*z + b. Let o = z + -45. What are the prime factors of o?
2, 5
Let k(s) = s**2 - 27*s + 72. What are the prime factors of k(39)?
2, 3, 5
Let h = -79 - -120. Let d be 3/(-1) + -4 + h. Let g = d + -12. What are the prime factors of g?
2, 11
Let o(w) = w**3 - 18*w**2 + 8*w - 53. What are the prime factors of o(18)?
7, 13
Let a = 37 - 32. What are the prime factors of 39 + (1/(-2))/(a/(-20))?
41
Let l = -13 + 5. Let a = 11 + l. Suppose a*x - 63 = -0*x. List the prime factors of x.
3, 7
Le